{"id":10,"date":"2023-08-05T18:56:07","date_gmt":"2023-08-05T16:56:07","guid":{"rendered":"http:\/\/sikania.fr\/?page_id=10"},"modified":"2025-09-23T17:06:14","modified_gmt":"2025-09-23T15:06:14","slug":"agenda","status":"publish","type":"page","link":"https:\/\/sikania.fr\/index.php\/agenda\/","title":{"rendered":"Agenda"},"content":{"rendered":"\n<p><strong>Dates \u00e0 venir <\/strong>:<br>19\/10\/25 <a href=\"https:\/\/allevents.in\/carcassonne\/sikania-en-concert-%C3%A0-labbaye-de-caunes-minervois-chansons-ardentes-pour-arts-divins\/200028917706538\" data-type=\"link\" data-id=\"https:\/\/allevents.in\/carcassonne\/sikania-en-concert-%C3%A0-labbaye-de-caunes-minervois-chansons-ardentes-pour-arts-divins\/200028917706538\">Caveau de l&rsquo;Abbaye<\/a> &#8211; Caunes Minervois (11)<br>04\/10\/25 <a href=\"https:\/\/biocoop-le-diapason.fr\/actualites\/animation_concert_sikania.html\" data-type=\"link\" data-id=\"https:\/\/biocoop-le-diapason.fr\/\">Biocoop Le diapason<\/a> &#8211; Revel (31)<br>03\/10\/25 <a href=\"https:\/\/www.facebook.com\/photo?fbid=122237546516253724&amp;set=pcb.122237546654253724\">Caf\u00e9 La Riposte<\/a> &#8211; Calmont (31)<br>02\/10\/25 <a href=\"https:\/\/www.grand-carcassonne-tourisme.fr\/agenda\/sikania\/\">Chapeau Rouge<\/a> &#8211; Carcassonne (11)<br>25\/09\/25 <a href=\"https:\/\/www.mediatheques-cccla.fr\/node\/tag\/tid\/18850\" data-type=\"link\" data-id=\"https:\/\/www.mediatheques-cccla.fr\/node\/tag\/tid\/18850\">M\u00e9diath\u00e8que<\/a> &#8211; Castelnaudary (11)<br><\/p>\n\n\n\n<p><strong>R\u00e9cemment<\/strong>:<br>12-17\/07\/25 Tourn\u00e9e en Sicile, Italie :<br><em>12.07 Cantieri Culturali \/\/ Palermo (Sicilia)<br>13.07 Festa della musica \/\/ Ragusa Ibla (Sicilia)<br>14.07 Vineria Hemingway \/\/ Modica (Sicilia)<br>16.07 Centro di culture contemporanee Z\u014d \/\/ Catania (Sicilia)<\/em><br>15\/06\/25 Date Priv\u00e9e \/\/ Saint Michel-de-Lan\u00e8s (11)<br><\/p>\n\n\n\n<p><strong>En 2024 nous avons jou\u00e9:<\/strong><br>16\/11\/24 Caf\u00e9 du pont \/\/ Soueich (31)<br>15\/11\/24 M\u00e9diath\u00e8que \/\/ Saint-Paul-de-Jarrat (09)<br>10\/11\/24 Concert priv\u00e9 \/\/ Rabastens (81)<br>09\/11\/24 Labo M \/\/ Graulhet (81)<br>08\/11\/24 Caf\u00e9 Pl\u00f9m \/\/ Lautrec (81)<br>06\/08\/24 Bistrot-concert Cin\u00e9 32 \/\/ Auch (32)<br>09\/11\/24 Labo M \/\/ Graulhet (81)<br>13\/07\/24 Concert aux Jardins du Bouche \u00e0 Oreille \/\/ Simorre (32)<br>12\/07\/24 Celtic Pub \/\/ Tarbes (65)<br>11\/07\/24 Auberge des Gerbes \/\/ Argel\u00e8s-Gazost (65)<br>09\/06\/24 Au revoir La Poutre \/\/ Mauvaisin (31)<\/p>\n\n\n<div class=\"wp-block-image\">\n<figure class=\"alignright size-full is-resized\"><img loading=\"lazy\" decoding=\"async\" width=\"844\" height=\"854\" src=\"http:\/\/sikania.fr\/wp-content\/uploads\/2023\/09\/BD-poulpe2-copie.png\" alt=\"\" class=\"wp-image-133\" style=\"aspect-ratio:0.9885714285714285;width:319px;height:auto\" srcset=\"https:\/\/sikania.fr\/wp-content\/uploads\/2023\/09\/BD-poulpe2-copie.png 844w, https:\/\/sikania.fr\/wp-content\/uploads\/2023\/09\/BD-poulpe2-copie-296x300.png 296w, https:\/\/sikania.fr\/wp-content\/uploads\/2023\/09\/BD-poulpe2-copie-768x777.png 768w\" sizes=\"auto, (max-width: 844px) 100vw, 844px\" \/><\/figure>\n<\/div>\n\n\n<div class=\"wp-block-group\"><div class=\"wp-block-group__inner-container is-layout-constrained wp-block-group-is-layout-constrained\">\n<div class=\"wp-block-columns is-layout-flex wp-container-core-columns-is-layout-9d6595d7 wp-block-columns-is-layout-flex\">\n<div class=\"wp-block-column is-vertically-aligned-top is-layout-flow wp-block-column-is-layout-flow\" style=\"flex-basis:100%\">\n<p><strong>Ils nous ont accueillis:<\/strong><br>Festival Les Italiennes de Clisson \/\/ Clisson (44)<br>Festival Jazz \u00e0 Luz \/\/ Luz-saint-sauveur (65)<br>Caf\u00e9 Parvis Sc\u00e8ne nationale \/\/ Tarbes (65)<br>Festival La Poutre \/\/ Mauvaisin (31)<br>Le poulpe du lac \/\/ Ste-Croix-Volvestre (09)<br>M\u00e9diaziques Occitanie \/\/ Toulouse (31)<br>Le Frigo \/\/ Albi (81)<br>Les 24h de l\u2019Accord\u00e9on, cave po\u00e9sie \/\/ Toulouse (31)<br>Centre culturel E. Renan, Cin\u00e9ma Utopia \/\/ Toulouse (31)<br>Ap\u00e9ro-spectacles, Th\u00e9\u00e2tre Grand rond \/\/ Toulouse (31)<br>Centre culturel H. Desbals \/\/ Toulouse (31)<br>Cave Po\u00e9sie \/\/ Toulouse (31)<br>R\u00e9seau des m\u00e9diath\u00e8ques d\u00e9partementales (31)<br>L&rsquo;endroit chez G\u00e9rard \/\/ Carcassonne (11)<br>Centre Culturel de la Reynerie, Toulouse (31)<br>Th\u00e9\u00e2tre Garonne, Soir\u00e9e Pop Up \/\/ Toulouse (31)<br>Restaurant Grain de sel \/\/ Clermont-le-Fort (31)<br>Centre Culturel Alban Minville \/\/ Toulouse (31)<br>Caf\u00e9 Canal Mondo \/\/ Gardouch (31)<br>March\u00e9 de No\u00ebl, Atelier TA \/\/ Toulouse (31)<br>Relais Montagnard \/\/ Bonac-Irazein (09)<br>Miss Th\u00e9onie \/\/ Toulouse (31)<br>Temple de Revel, association Revelez-vous \/\/ Revel (31)<br>Village italien, place du Capitole \/\/ Toulouse (31)<br>Quai n\u00b010 \/\/ Castelnaudary (11)<br>La Pause Musicale \/\/ Toulouse (31)<br>Fe\u0302te Mezzaluna \/\/ Arcizac-ez-angles (65)<br>Fournil des Co\u2019pains \/\/ Chirols (07)<br>Guinguette de la plage \/\/ St-sauveur-de-Montagut (07)<br>Marche\u0301 d\u2019\u00e9t\u00e9 \/\/ Aubenas (07)<br>L&rsquo;Art\u2019Kafe\u0301 \/\/ Mirabel (07)<br>Festival Vox Populis \/\/ La Livinie\u0300re (34)<br>Mariage Seb &amp; Alex \/\/ Toulouse (31)<br>ACME \/\/ Le Vernet d\u2019Arie\u0300ge (09)<br>The Croissant show \/\/ Montjoire (31)<br>Kind of Belou M\u00e9diath\u00e8que \/\/ Treignac (19)<br>Association culturelle Lou Liadour \/\/ Tarnac (19)<br>Un dimanche \u00e0 la campagne, Ch\u00e2teau de Mauvaisin (31)<br>Le Temps des Vendanges \/\/ Toulouse (31)<br>La porte de la fontaine \/\/ Toulouse (31)<br>Cafe\u0301 Plu\u0300m \/\/ Lautrec (81)<br>Pe\u0301niche La Timonerie \/\/ Toulouse (31)<br>Restaurant la Cuisine \/\/ Collioure (66)<br>March\u00e9 d\u2019\u00e9t\u00e9 \/\/ Port Vendres (66)<br>Fort de la Galline \/\/ Port Vendres (66)<br>Festival d\u2019Escamps (46)<br>Saint Cyprien en f\u00eate \/\/ Toulouse (31)<br>Journ\u00e9es Locavores \/\/ B\u00e9goux (46)<br>Magic Madou festival \/\/ P\u00e9zenas (34)<\/p>\n\n\n\n<div class=\"wp-block-group is-vertical is-layout-flex wp-container-core-group-is-layout-8cf370e7 wp-block-group-is-layout-flex\">\n<p><\/p>\n<\/div>\n<\/div>\n<\/div>\n\n\n\n<div class=\"wp-block-group\"><div class=\"wp-block-group__inner-container is-layout-constrained wp-block-group-is-layout-constrained\">\n<p><br><\/p>\n<\/div><\/div>\n<\/div><\/div>\n","protected":false},"excerpt":{"rendered":"<p>Dates \u00e0 venir :19\/10\/25 Caveau de l&rsquo;Abbaye &#8211; Caunes Minervois (11)04\/10\/25 Biocoop Le diapason &#8211; Revel (31)03\/10\/25 Caf\u00e9 La Riposte &#8211; Calmont (31)02\/10\/25 Chapeau Rouge &#8211; Carcassonne (11)25\/09\/25 M\u00e9diath\u00e8que &#8211; Castelnaudary (11) R\u00e9cemment:12-17\/07\/25 Tourn\u00e9e en Sicile, Italie :12.07 Cantieri Culturali \/\/ Palermo (Sicilia)13.07 Festa della musica \/\/ Ragusa Ibla (Sicilia)14.07 [&hellip;]<\/p>\n","protected":false},"author":1,"featured_media":0,"parent":0,"menu_order":0,"comment_status":"closed","ping_status":"closed","template":"","meta":{"footnotes":""},"class_list":["post-10","page","type-page","status-publish","hentry"],"_links":{"self":[{"href":"https:\/\/sikania.fr\/index.php\/wp-json\/wp\/v2\/pages\/10","targetHints":{"allow":["GET"]}}],"collection":[{"href":"https:\/\/sikania.fr\/index.php\/wp-json\/wp\/v2\/pages"}],"about":[{"href":"https:\/\/sikania.fr\/index.php\/wp-json\/wp\/v2\/types\/page"}],"author":[{"embeddable":true,"href":"https:\/\/sikania.fr\/index.php\/wp-json\/wp\/v2\/users\/1"}],"replies":[{"embeddable":true,"href":"https:\/\/sikania.fr\/index.php\/wp-json\/wp\/v2\/comments?post=10"}],"version-history":[{"count":54,"href":"https:\/\/sikania.fr\/index.php\/wp-json\/wp\/v2\/pages\/10\/revisions"}],"predecessor-version":[{"id":260,"href":"https:\/\/sikania.fr\/index.php\/wp-json\/wp\/v2\/pages\/10\/revisions\/260"}],"wp:attachment":[{"href":"https:\/\/sikania.fr\/index.php\/wp-json\/wp\/v2\/media?parent=10"}],"curies":[{"name":"wp","href":"https:\/\/api.w.org\/{rel}","templated":true}]}}